{"id":2278,"date":"2025-11-12T12:08:12","date_gmt":"2025-11-12T11:08:12","guid":{"rendered":"https:\/\/colegios.educarex.es\/cpgarciasineriz\/?page_id=2278"},"modified":"2025-12-04T13:27:43","modified_gmt":"2025-12-04T12:27:43","slug":"oferta-educativa","status":"publish","type":"page","link":"https:\/\/colegios.educarex.es\/cpgarciasineriz\/oferta-educativa\/","title":{"rendered":"Proceso de admisi\u00f3n escolar."},"content":{"rendered":"\n<p>La Junta de Extremadura ha publicado a trav\u00e9s del DOE la convocatoria del proceso de admisi\u00f3n escolar para el curso 2026\/2027, que regula la incorporaci\u00f3n del alumnado a los centros educativos extreme\u00f1os. La resoluci\u00f3n, emitida por la Secretar\u00eda General de Educaci\u00f3n y Formaci\u00f3n Profesional, establece el calendario, los requisitos y los criterios que regir\u00e1n la incorporaci\u00f3n del alumnado a las etapas de Infantil, Primaria, Secundaria y Bachillerato.<\/p>\n\n\n\n<p>La Administraci\u00f3n recuerda que este proceso garantiza \u00abel derecho a la educaci\u00f3n, el acceso en condiciones de igualdad y la libertad de elecci\u00f3n de centro\u00bb.<\/p>\n\n\n\n<p><strong>Requisitos de escolarizaci\u00f3n.<\/strong><\/p>\n\n\n\n<p>Para solicitar plaza en un centro es necesario cumplir con los requisitos establecidos, como la edad del alumno, que deber\u00e1 haber cumplido la edad necesaria para cada curso fecha 31 de diciembre del a\u00f1o 2026.<\/p>\n\n\n\n<p><strong>C\u00f3mo y cu\u00e1ndo presentar las solicitudes.<\/strong><\/p>\n\n\n\n<p>La v\u00eda preferente ser\u00e1 la tramitaci\u00f3n telem\u00e1tica por la plataforma Rayuela, tal y como establece la resoluci\u00f3n. \u00abLa solicitud se realizar\u00e1 a trav\u00e9s de la direcci\u00f3n https:\/\/rayuela.educarex.es\/ de la plataforma inform\u00e1tica de gesti\u00f3n educativa Rayuela\u00bb.<\/p>\n\n\n\n<p><strong>Fechas clave del procedimiento:<\/strong><\/p>\n\n\n\n<p>&#8211; Presentaci\u00f3n de solicitudes: del 9 al 22 de abril de 2026.<\/p>\n\n\n\n<p>&#8211; Publicaci\u00f3n de listas provisionales: 19 de mayo de 2026.<\/p>\n\n\n\n<p>&#8211; Reclamaciones: del 20 al 22 de mayo.<\/p>\n\n\n\n<p>&#8211; Listas definitivas: 17 de junio de 2026.<\/p>\n\n\n\n<p>&#8211; Matr\u00edcula: del 1 al 15 de julio de 2026.<\/p>\n\n\n\n<h3 class=\"wp-block-heading\">Criterios de baremaci\u00f3n y fecha del sorteo<\/h3>\n\n\n\n<p>Cuando el n\u00famero de solicitudes supere la oferta de plazas, los centros deber\u00e1n aplicar los criterios oficiales de admisi\u00f3n para ordenar a los aspirantes. La resoluci\u00f3n recuerda que \u00ablas solicitudes de admisi\u00f3n se ordenar\u00e1n seg\u00fan la puntuaci\u00f3n total obtenida por la valoraci\u00f3n de los criterios de admisi\u00f3n\u00bb.<\/p>\n\n\n\n<p>Entre estos criterios figuran la existencia de hermanos matriculados en el mismo centro, la proximidad del domicilio o del lugar de trabajo, la renta familiar, la condici\u00f3n de familia numerosa o monoparental y la discapacidad del alumno o de alg\u00fan miembro de la unidad familiar.<\/p>\n\n\n\n<p>Si tras aplicar el baremo persiste el empate, se recurrir\u00e1 al sorteo p\u00fablico previsto por la Administraci\u00f3n, mediante el cual \u00abse determinar\u00e1n las tres letras del alfabeto\u2026 que servir\u00e1n como criterio de desempate\u00bb. Este sorteo est\u00e1 programado para el&nbsp;<strong>20 de febrero de 2026<\/strong>.<\/p>\n\n\n\n<p>El DOE detalla igualmente la existencia de cupos reservados para determinados colectivos. La resoluci\u00f3n incluye, de forma expresa, al \u00abalumnado con necesidades educativas especiales; alumnado con desconocimiento grave de la lengua\u2026 o vulnerabilidad socioeducativa; alumnado que curse simult\u00e1neamente m\u00fasica o danza; deportistas de alto rendimiento\u00bb.<\/p>\n\n\n\n<div data-wp-interactive=\"core\/file\" class=\"wp-block-file\"><object data-wp-bind--hidden=\"!state.hasPdfPreview\" hidden class=\"wp-block-file__embed\" data=\"https:\/\/colegios.educarex.es\/cpgarciasineriz\/wp-content\/uploads\/sites\/232\/2025\/12\/Proceso-admision-curso-2627.pdf\" type=\"application\/pdf\" style=\"width:100%;height:600px\" aria-label=\"Incrustado de Proceso admisi\u00f3n curso 2627.\"><\/object><a id=\"wp-block-file--media-3a0a46e9-544c-4c0d-b8f4-b6918c5cb89f\" href=\"https:\/\/colegios.educarex.es\/cpgarciasineriz\/wp-content\/uploads\/sites\/232\/2025\/12\/Proceso-admision-curso-2627.pdf\">Proceso admisi\u00f3n curso 2627<\/a><a href=\"https:\/\/colegios.educarex.es\/cpgarciasineriz\/wp-content\/uploads\/sites\/232\/2025\/12\/Proceso-admision-curso-2627.pdf\" class=\"wp-block-file__button wp-element-button\" download aria-describedby=\"wp-block-file--media-3a0a46e9-544c-4c0d-b8f4-b6918c5cb89f\">Descarga<\/a><\/div>\n","protected":false},"excerpt":{"rendered":"<p>La Junta de Extremadura ha publicado a trav\u00e9s del DOE la convocatoria del proceso de admisi\u00f3n escolar para el curso 2026\/2027, que regula la incorporaci\u00f3n del alumnado a los centros [&hellip;]<\/p>\n","protected":false},"author":1527,"featured_media":0,"parent":0,"menu_order":0,"comment_status":"closed","ping_status":"closed","template":"","meta":{"_uag_custom_page_level_css":"","_editorskit_title_hidden":false,"_editorskit_reading_time":0,"_editorskit_is_block_options_detached":false,"_editorskit_block_options_position":"{}","footnotes":""},"class_list":["post-2278","page","type-page","status-publish","hentry"],"uagb_featured_image_src":{"full":false,"thumbnail":false,"medium":false,"medium_large":false,"large":false,"1536x1536":false,"2048x2048":false},"uagb_author_info":{"display_name":"Jos\u00e9 Gabriel Fern\u00e1ndez G\u00f3mez","author_link":"https:\/\/colegios.educarex.es\/cpgarciasineriz\/author\/jgfernandezg01\/"},"uagb_comment_info":0,"uagb_excerpt":"La Junta de Extremadura ha publicado a trav\u00e9s del DOE la convocatoria del proceso de admisi\u00f3n escolar para el curso 2026\/2027, que regula la incorporaci\u00f3n del alumnado a los centros [&hellip;]","_links":{"self":[{"href":"https:\/\/colegios.educarex.es\/cpgarciasineriz\/wp-json\/wp\/v2\/pages\/2278","targetHints":{"allow":["GET"]}}],"collection":[{"href":"https:\/\/colegios.educarex.es\/cpgarciasineriz\/wp-json\/wp\/v2\/pages"}],"about":[{"href":"https:\/\/colegios.educarex.es\/cpgarciasineriz\/wp-json\/wp\/v2\/types\/page"}],"author":[{"embeddable":true,"href":"https:\/\/colegios.educarex.es\/cpgarciasineriz\/wp-json\/wp\/v2\/users\/1527"}],"replies":[{"embeddable":true,"href":"https:\/\/colegios.educarex.es\/cpgarciasineriz\/wp-json\/wp\/v2\/comments?post=2278"}],"version-history":[{"count":2,"href":"https:\/\/colegios.educarex.es\/cpgarciasineriz\/wp-json\/wp\/v2\/pages\/2278\/revisions"}],"predecessor-version":[{"id":2329,"href":"https:\/\/colegios.educarex.es\/cpgarciasineriz\/wp-json\/wp\/v2\/pages\/2278\/revisions\/2329"}],"wp:attachment":[{"href":"https:\/\/colegios.educarex.es\/cpgarciasineriz\/wp-json\/wp\/v2\/media?parent=2278"}],"curies":[{"name":"wp","href":"https:\/\/api.w.org\/{rel}","templated":true}]}}