{"id":2031,"date":"2025-03-03T20:38:00","date_gmt":"2025-03-03T19:38:00","guid":{"rendered":"https:\/\/colegios.educarex.es\/cpgarciasineriz\/?page_id=2031"},"modified":"2025-11-21T11:50:28","modified_gmt":"2025-11-21T10:50:28","slug":"banco-de-libros","status":"publish","type":"page","link":"https:\/\/colegios.educarex.es\/cpgarciasineriz\/banco-de-libros\/","title":{"rendered":"BANCO DE LIBROS."},"content":{"rendered":"\n<p><strong>Gesti\u00f3n de Banco de Libros.<\/strong><\/p>\n\n\n\n<p>El CEIP GARC\u00cdA SI\u00d1ERIZ, dispone para el presente curso de Banco de Libros.<\/p>\n\n\n\n<p><strong>\u00bfEn qu\u00e9 consiste el banco de libros?.<\/strong><\/p>\n\n\n\n<p>Es un sistema de intercambio y reutilizaci\u00f3n de libros de texto para beneficio de las familias. Hay unas normas para regular el proceso con la intenci\u00f3n de que los criterios de reparto sean objetivos y equitativos.<\/p>\n\n\n\n<p><strong>\u00bfQui\u00e9n puede participar?.<\/strong><\/p>\n\n\n\n<p>Cualquier alumno\/a del centro (Educaci\u00f3n Primaria).<\/p>\n\n\n\n<p><strong>Normas para el cuidado del BANCO DE LIBROS<\/strong><\/p>\n\n\n\n<p>Las normas para el cuidado del banco de libros incluyen:\u00a0<strong>forrar los libros<\/strong>\u00a0con pl\u00e1stico transparente sin adhesivos,\u00a0<strong>no escribir ni subrayar<\/strong>\u00a0en ellos, y\u00a0<strong>mantenerlos en buen estado<\/strong>\u00a0sin doblar ni romper las p\u00e1ginas. Tambi\u00e9n se debe\u00a0<strong>devolver los libros completos<\/strong>\u00a0al final del curso y\u00a0<strong>respetar los plazos<\/strong>\u00a0establecidos por el centro educativo.\u00a0<\/p>\n\n\n\n<p><strong>Cuidado y uso<\/strong><\/p>\n\n\n\n<ul class=\"wp-block-list\">\n<li><strong>Forrar los libros:<\/strong>\u00a0Es obligatorio forrar los libros con pl\u00e1stico transparente, sin usar cintas adhesivas. El nombre del alumno se debe colocar sobre el forro.<\/li>\n\n\n\n<li><strong>Prohibido escribir o subrayar:<\/strong>\u00a0No se debe escribir, dibujar ni subrayar nada en el interior de los libros.<\/li>\n\n\n\n<li><strong>Conservar el material completo:<\/strong>\u00a0Se debe entregar todo el material junto con el libro, incluyendo tomos, anexos o mapas que pudieran venir con \u00e9l.<\/li>\n\n\n\n<li><strong>No romper ni doblar:<\/strong>\u00a0Las p\u00e1ginas deben mantenerse \u00edntegras, sin doblar ni romper.<\/li>\n\n\n\n<li><strong>Manipulaci\u00f3n cuidadosa:<\/strong>\u00a0Abrir los libros con cuidado para no soltar las hojas.<\/li>\n\n\n\n<li><strong>Mantenerlos limpios:<\/strong>\u00a0Limpiar los libros de vez en cuando para evitar el polvo, que atrae insectos.<\/li>\n\n\n\n<li><strong>Almacenamiento correcto:<\/strong>\u00a0Guardarlos en un lugar ventilado, lejos de la humedad, la luz solar directa y fuentes de calor.\u00a0<\/li>\n<\/ul>\n\n\n\n<p><strong>Devoluci\u00f3n y responsabilidades<\/strong><\/p>\n\n\n\n<ul class=\"wp-block-list\">\n<li><strong>Devoluci\u00f3n:<\/strong>\u00a0Los libros deben ser devueltos al centro educativo al final del curso escolar o si el alumno se traslada a otro centro.<\/li>\n\n\n\n<li><strong>Condiciones de devoluci\u00f3n:<\/strong>\u00a0Los libros deben estar en buen estado de conservaci\u00f3n para poder ser reutilizados.<\/li>\n\n\n\n<li><strong>Penalizaciones:<\/strong>\u00a0El deterioro, la p\u00e9rdida o el no entregar los libros en condiciones \u00f3ptimas puede obligar a reponerlos o a pagar una compensaci\u00f3n econ\u00f3mica.<\/li>\n\n\n\n<li><strong>Cumplimiento de plazos:<\/strong>\u00a0Es fundamental respetar las fechas de entrega y recogida establecidas por el centro.\u00a0<\/li>\n<\/ul>\n\n\n\n<div data-wp-interactive=\"core\/file\" class=\"wp-block-file aligncenter\"><object data-wp-bind--hidden=\"!state.hasPdfPreview\" hidden class=\"wp-block-file__embed\" data=\"https:\/\/colegios.educarex.es\/cpgarciasineriz\/wp-content\/uploads\/sites\/232\/2025\/10\/Listado-libros-curso-25_26_-GARCIA-SINERIZ.pdf\" type=\"application\/pdf\" style=\"width:100%;height:600px\" aria-label=\"Incrustado de Listado libros curso 25_26_ GARCIA SI\u00d1ERIZ.\"><\/object><a id=\"wp-block-file--media-9e10ac4c-84b9-4d17-a8e1-26af5a95860f\" href=\"https:\/\/colegios.educarex.es\/cpgarciasineriz\/wp-content\/uploads\/sites\/232\/2025\/10\/Listado-libros-curso-25_26_-GARCIA-SINERIZ.pdf\" target=\"_blank\" rel=\"noreferrer noopener\">Listado libros curso 25_26_ GARCIA SI\u00d1ERIZ<\/a><a href=\"https:\/\/colegios.educarex.es\/cpgarciasineriz\/wp-content\/uploads\/sites\/232\/2025\/10\/Listado-libros-curso-25_26_-GARCIA-SINERIZ.pdf\" class=\"wp-block-file__button wp-element-button\" download aria-describedby=\"wp-block-file--media-9e10ac4c-84b9-4d17-a8e1-26af5a95860f\">Descarga<\/a><\/div>\n\n\n\n<p><\/p>\n","protected":false},"excerpt":{"rendered":"<p>Gesti\u00f3n de Banco de Libros. El CEIP GARC\u00cdA SI\u00d1ERIZ, dispone para el presente curso de Banco de Libros. \u00bfEn qu\u00e9 consiste el banco de libros?. Es un sistema de intercambio [&hellip;]<\/p>\n","protected":false},"author":1527,"featured_media":0,"parent":0,"menu_order":0,"comment_status":"closed","ping_status":"closed","template":"","meta":{"_uag_custom_page_level_css":"","_editorskit_title_hidden":false,"_editorskit_reading_time":0,"_editorskit_is_block_options_detached":false,"_editorskit_block_options_position":"{}","footnotes":""},"class_list":["post-2031","page","type-page","status-publish","hentry"],"uagb_featured_image_src":{"full":false,"thumbnail":false,"medium":false,"medium_large":false,"large":false,"1536x1536":false,"2048x2048":false},"uagb_author_info":{"display_name":"Jos\u00e9 Gabriel Fern\u00e1ndez G\u00f3mez","author_link":"https:\/\/colegios.educarex.es\/cpgarciasineriz\/author\/jgfernandezg01\/"},"uagb_comment_info":0,"uagb_excerpt":"Gesti\u00f3n de Banco de Libros. El CEIP GARC\u00cdA SI\u00d1ERIZ, dispone para el presente curso de Banco de Libros. \u00bfEn qu\u00e9 consiste el banco de libros?. Es un sistema de intercambio [&hellip;]","_links":{"self":[{"href":"https:\/\/colegios.educarex.es\/cpgarciasineriz\/wp-json\/wp\/v2\/pages\/2031","targetHints":{"allow":["GET"]}}],"collection":[{"href":"https:\/\/colegios.educarex.es\/cpgarciasineriz\/wp-json\/wp\/v2\/pages"}],"about":[{"href":"https:\/\/colegios.educarex.es\/cpgarciasineriz\/wp-json\/wp\/v2\/types\/page"}],"author":[{"embeddable":true,"href":"https:\/\/colegios.educarex.es\/cpgarciasineriz\/wp-json\/wp\/v2\/users\/1527"}],"replies":[{"embeddable":true,"href":"https:\/\/colegios.educarex.es\/cpgarciasineriz\/wp-json\/wp\/v2\/comments?post=2031"}],"version-history":[{"count":3,"href":"https:\/\/colegios.educarex.es\/cpgarciasineriz\/wp-json\/wp\/v2\/pages\/2031\/revisions"}],"predecessor-version":[{"id":2314,"href":"https:\/\/colegios.educarex.es\/cpgarciasineriz\/wp-json\/wp\/v2\/pages\/2031\/revisions\/2314"}],"wp:attachment":[{"href":"https:\/\/colegios.educarex.es\/cpgarciasineriz\/wp-json\/wp\/v2\/media?parent=2031"}],"curies":[{"name":"wp","href":"https:\/\/api.w.org\/{rel}","templated":true}]}}