{"id":2001,"date":"2025-03-03T19:32:58","date_gmt":"2025-03-03T18:32:58","guid":{"rendered":"https:\/\/colegios.educarex.es\/cpgarciasineriz\/?page_id=2001"},"modified":"2025-03-03T19:50:00","modified_gmt":"2025-03-03T18:50:00","slug":"uso-de-las-redes-sociales","status":"publish","type":"page","link":"https:\/\/colegios.educarex.es\/cpgarciasineriz\/uso-de-las-redes-sociales\/","title":{"rendered":"Uso de las redes sociales."},"content":{"rendered":"\n<p><\/p>\n\n\n\n<p><strong>Cosas que hay que saber sobre la edad m\u00ednima para registrarse en redes sociales.<\/strong><\/p>\n\n\n\n<p><strong>Las redes sociales no son todas iguales<\/strong><\/p>\n\n\n\n<p>Una de las cuestiones que m\u00e1s preocupa cuando una se pone a hablar de Internet, ya sea en un contexto profesional o personal, es la protecci\u00f3n de los menores. Parece que todo el mundo est\u00e1 concienciado con evitar que se encuentren en situaciones que puedan poner en riesgo su seguridad, su integridad o su intimidad. Hay muchas y encomiables iniciativas p\u00fablicas y privadas de todo tipo que trabajan en esta l\u00ednea. Sin embargo, nos encontramos que el grado de preocupaci\u00f3n social e institucional no se corresponde con la realidad en dos de los aspectos que m\u00e1s influyen: la legislaci\u00f3n vigente y la pr\u00e1ctica de las empresas.<\/p>\n\n\n\n<p>Las redes sociales proliferan y su uso est\u00e1 cada vez m\u00e1s extendido y es cada vez m\u00e1s intenso. Los m\u00e1s j\u00f3venes tambi\u00e9n las usan o quieren usarlas. Adem\u00e1s, debido a su enorme potencial a veces albergan comportamientos no deseados y malintencionados que suelen provocar titulares en los medios (phishing, robo de datos, revelaci\u00f3n de secretos, amenazas, acoso, etc.).<\/p>\n\n\n\n<p>Nos hemos centrado exclusivamente en lo que dicen las normas de la web y en c\u00f3mo se realiza el registro de usuario, sin entrar en las posibilidades de denunciar perfiles que incumplan los T\u00e9rminos y condiciones ni en las configuraciones de privacidad. Obviaremos tambi\u00e9n el (in)cumplimiento del resto de requisitos legales (en particular los referentes a LOPD y LSSICE). Las webs analizadas son de diversos pa\u00edses pero las que no son espa\u00f1olas o europeas son ampliamente usadas en Espa\u00f1a. A pesar de que la aplicabilidad de la ley espa\u00f1ola puede ser discutible en algunos casos, este an\u00e1lisis pretende ser m\u00e1s de coherencia que de legalidad en sentido estricto.<\/p>\n\n\n\n<p><strong>1. \u00bfQu\u00e9 dicen las leyes?<\/strong><\/p>\n\n\n\n<p>Como muy bien recoge\u00a0<a href=\"http:\/\/www.legaltoday.com\/practica-juridica\/publico\/proteccion_de_datos\/proteccion-de-menores-y-contenidos-adultos-en-internet\" target=\"_blank\" rel=\"noreferrer noopener\">Alonso Hurtado Bueno en su art\u00edculo \u201cProtecci\u00f3n de menores y contenidos adultos en Internet\u201d<\/a>, la regulaci\u00f3n del acceso a contenidos en Internet por menores de edad es pr\u00e1cticamente inexistente y carece de desarrollo. As\u00ed las cosas, cualquiera (menor o adulto) puede encontrar cualquier cosa por Internet y acceder a ella libremente en la mayor\u00eda de casos.<\/p>\n\n\n\n<p><strong>Pero hay algo que s\u00ed est\u00e1 regulado de manera clara: la edad que ha de tener una persona para que sea v\u00e1lido su consentimiento para proporcionar datos personales y autorizar su uso por parte de terceros.<\/strong>\u00a0Esta regulaci\u00f3n forma parte de la normativa de protecci\u00f3n de datos y es aplicable tambi\u00e9n a la recogida de datos personales que se hace en las p\u00e1ginas web, en muchos casos para dar de alta un usuario nuevo. En t\u00e9rminos generales, las previsiones son semejantes en la mayor\u00eda de pa\u00edses de nuestro entorno (Europa, EEUU, etc.). De acuerdo con el Reglamento de desarrollo de la LOPD, en Espa\u00f1a:<\/p>\n\n\n\n<ul class=\"wp-block-list\">\n<li><strong>Los menores de 14 a\u00f1os no pueden en ning\u00fan caso dar un consentimiento v\u00e1lido<\/strong>, de modo que el tratamiento de sus datos personales siempre deber\u00e1 ser consentido por sus padres o tutores. A los menores de 14 a\u00f1os solo se les podr\u00e1 pedir los datos de contactos de los padres o tutores con la finalidad de pedirles su autorizaci\u00f3n para el tratamiento.<\/li>\n\n\n\n<li><strong>Se podr\u00e1n tratar los datos de mayores de 14 a\u00f1os con su consentimiento<\/strong>, excepto en los casos en que la ley exija para su prestaci\u00f3n la asistencia de sus padres o tutores (como en este caso no hay ley que regule el acceso a p\u00e1ginas web, entenderemos que ser\u00e1 v\u00e1lido).<\/li>\n\n\n\n<li>Cuando el tratamiento se refiera a menores de edad,<strong>\u00a0la informaci\u00f3n dirigida a ellos deber\u00e1 expresarse en un lenguaje que sea f\u00e1cilmente comprensible por aqu\u00e9llos e indicar expresamente cu\u00e1ndo pueden dar su consentimiento y cu\u00e1ndo no.<\/strong><\/li>\n\n\n\n<li>Corresponde al responsable del fichero o tratamiento<strong>\u00a0articular los procedimientos que garanticen que se ha comprobado de modo efectivo la edad del menor y la autenticidad del consentimiento prestado<\/strong>por los padres o tutores, en su caso.<\/li>\n<\/ul>\n\n\n\n<p><strong>2. \u00bfQu\u00e9 tipo de redes sociales hay?<\/strong><\/p>\n\n\n\n<ul class=\"wp-block-list\">\n<li>Atendiendo a la edad m\u00ednima exigida para dar de alta un nuevo usuario, las redes sociales pueden dividirse en:<\/li>\n\n\n\n<li><strong>Redes sociales generales: para mayores de 13 a\u00f1os (EEUU y muchos otros pa\u00edses) o para mayores de 14 a\u00f1os en Espa\u00f1a (y otros pa\u00edses).<\/strong>Esta divergencia entre el l\u00edmite espa\u00f1ol y el de la mayor\u00eda de pa\u00edses seguramente desaparecer\u00e1 con la entrada en vigor del nuevo Reglamento Europeo sobre Protecci\u00f3n de datos, que unificar\u00e1 la edad de consentimiento en 13 a\u00f1os para todos los pa\u00edses de la UE.\u00a0<a href=\"http:\/\/lexgo.cat\/wp-content\/uploads\/2012\/03\/bebo.jpg\"><\/a><\/li>\n\n\n\n<li><strong>Redes sociales para adultos: dirigidas a personas mayores de 18 a\u00f1os.<\/strong>Algunas porque simplemente no dirigen su servicio hacia ese sector de usuarios, como las profesionales o centradas en el mundo laboral o empresarial; otras debido a los contenidos que alojan, los servicios que prestan o los comportamientos que facilitan (contenidos sexuales, contactos, etc.).<\/li>\n\n\n\n<li><strong>Redes sociales espec\u00edficas para ni\u00f1os: redes creadas espec\u00edficamente para ni\u00f1os, normalmente para edades comprendidas entre los 6 y 12 a\u00f1os.<\/strong>Sobre estas, que no hemos analizado, se puede obtener informaci\u00f3n \u00fatil en este art\u00edculo publicado en la web de Hijos digitales.<\/li>\n<\/ul>\n\n\n\n<p>La Guardia Civil avisa que ante un civerdelito es m\u00e1s f\u00e1cil investigar y encontrar al malhechor en la red social Twenty ya que es espa\u00f1ola; sin embargo Facebook es extranjera y muchas veces tienen diferentes protecciones del menor que en Espa\u00f1a que impiden esa investigaci\u00f3n.<\/p>\n\n\n\n<p><strong>3. \u00bfD\u00f3nde se explica la edad m\u00ednima para ser usuario?<\/strong><\/p>\n\n\n\n<p>Por lo general, no hay advertencias sobre la edad m\u00ednima para registrarse en la p\u00e1gina de inicio ni en el formulario de alta. La informaci\u00f3n hay que buscarla con ah\u00ednco por toda la web, para acabar encontr\u00e1ndola en los T\u00e9rminos y condiciones de uso y\/o en la pol\u00edtica de privacidad de la web.<\/p>\n\n\n\n<p><strong>4. \u00bfC\u00f3mo se explican los requisitos para ser usuario?<\/strong><\/p>\n\n\n\n<p>Excepto casos muy aislados, incluso en las redes sociales que admiten (y se dirigen a) adolescentes (a partir de 13 o 14 a\u00f1os), el lenguaje utilizado no es apropiado a la edad y capacidad de comprensi\u00f3n de los posibles destinatarios (de hecho, suele ser dif\u00edcil de entender incluso para los adultos). En algunas (Hi5, Tagged, Bebo), adem\u00e1s, aunque la p\u00e1gina tenga su versi\u00f3n en espa\u00f1ol, la traducci\u00f3n no alcanza los T\u00e9rminos y Condiciones ni la Pol\u00edtica de Privacidad, que suelen estar en ingl\u00e9s, dificultando todav\u00eda m\u00e1s el acceso y comprensi\u00f3n de la informaci\u00f3n, que, no lo olvidemos, son condiciones necesarias para que el consentimiento que se presta sea v\u00e1lido.<\/p>\n\n\n\n<p><strong>5. \u00bfSe puede dar de alta en la pr\u00e1ctica un usuario que no cumpla con el requisito de edad?<\/strong><\/p>\n\n\n\n<p>S\u00ed, en demasiadas ocasiones, a pesar de usar desplegables predise\u00f1ados, los formularios de registro permiten introducir una edad o fecha de nacimiento que contradice sus propios t\u00e9rminos de uso: desde 8 a\u00f1os en Hi5 y Tagged; desde 0 o 2 a\u00f1os en Foursquare, Myspace, Bebo, Fotolog y OkCupid; o bien ofrecen un campo de texto en blanco (Flickr); otras simplemente no recogen la edad como dato obligatorio inicial (Xing, Twitter, Linkedin, Timpik). Lo hacen bien aquellos que limitan las opciones de a\u00f1os de nacimiento o edades mediante el uso de campos desplegables predefinidos cuyos rangos de datos se corresponden con la edad permitida (Facebook, Tuenti, Netlog, Twoo y Badoo).<\/p>\n\n\n\n<p><strong>6. \u00bfSe verifica la validez del consentimiento dado?<\/strong><\/p>\n\n\n\n<p>Pues parce que no. Casi nadie explica c\u00f3mo se verifica la edad una vez recibida la solicitud de alta (email de confirmaci\u00f3n, contacto con los padres, copia DNI, etc.), la mayor\u00eda simplemente dicen que tienes que tener permiso y que si te est\u00e1s registrando, entienden que lo tienes y, como mucho, que si se enteran de que no es as\u00ed te pueden bloquear la cuenta.<\/p>\n\n\n\n<p>As\u00ed pues,\u00a0<strong>parece que la mayor\u00eda de redes sociales adoptan una postura pasiva, es decir, reaccionan verificando y tomando medidas cuando alguien se lo exige<\/strong>. Desconozco si alguna m\u00e1s incorpora m\u00e9todos de verificaci\u00f3n de la edad (me refiero \u201cde oficio\u201d o por iniciativa propia, no en respuesta a quejas, denuncias o reclamaciones, que eso, entiendo que lo hacen todas).<\/p>\n\n\n\n<p><strong>Conclusi\u00f3n:<\/strong>\u00a0hay algo que no estamos haciendo bien y no todo es culpa de la falta de legislaci\u00f3n, hay cosas que son de sentido com\u00fan, de coherencia entre lo que uno dice y lo que hace, y de medidas t\u00e9cnicas tan b\u00e1sicas, evidentes y al alcance de todos que da hasta verg\u00fcenza llamarlas as\u00ed.<\/p>\n\n\n\n<p>Todos sabemos que nadie (menos, a veces, los abogados) lee esos textos legales largu\u00edsimos, en un tama\u00f1o de letra muy poco amable, que carecen en la mitad de los casos de espacios o cualquier cosa que ayude a leerlos. Si adem\u00e1s le sumamos que en muchos casos primero tenemos que buscar y encontrar d\u00f3nde est\u00e1n (porque no se cumplen otras obligaciones que impone la LOPD y la LSSICE) y que para ello debemos tener al menos la idea de que deben existir, no es dif\u00edcil llegar a la conclusi\u00f3n de que son mecanismos in\u00fatiles, no s\u00f3lo para la mayor\u00eda de los mortales digitales, sino especialmente para los ni\u00f1os y adolescentes.<\/p>\n\n\n\n<p><strong>Si hay que dar una informaci\u00f3n sobre la limitaci\u00f3n del acceso a un servicio o producto hay que hacerlo de entrada, sin que te lo pidan, de manera que no se pueda eludir verla, que se entienda y luego actuar de manera coherente en el resto de contenido y funcionamiento de la p\u00e1gina.<\/strong><\/p>\n\n\n\n<p>Y, por \u00faltimo, es evidente que cualquiera puede mentir sobre su edad y que uno no puede saber si el que est\u00e1 al otro lado es quien dice ser. No se trata de pedir imposibles, se trata de minimizar riesgos empezando por todo aquello que se puede hacer de manera sencilla:<strong>si tu sitio no admite menores de 14 o 18 a\u00f1os, no dejes que nadie se registre poniendo que tiene una edad inferior.<\/strong><\/p>\n\n\n\n<p>Fuente: CEIP TAMIXA.<\/p>\n","protected":false},"excerpt":{"rendered":"<p>Cosas que hay que saber sobre la edad m\u00ednima para registrarse en redes sociales. Las redes sociales no son todas iguales Una de las cuestiones que m\u00e1s preocupa cuando una [&hellip;]<\/p>\n","protected":false},"author":1527,"featured_media":0,"parent":0,"menu_order":0,"comment_status":"closed","ping_status":"closed","template":"","meta":{"_uag_custom_page_level_css":"","_editorskit_title_hidden":false,"_editorskit_reading_time":0,"_editorskit_is_block_options_detached":false,"_editorskit_block_options_position":"{}","footnotes":""},"class_list":["post-2001","page","type-page","status-publish","hentry"],"uagb_featured_image_src":{"full":false,"thumbnail":false,"medium":false,"medium_large":false,"large":false,"1536x1536":false,"2048x2048":false},"uagb_author_info":{"display_name":"Jos\u00e9 Gabriel Fern\u00e1ndez G\u00f3mez","author_link":"https:\/\/colegios.educarex.es\/cpgarciasineriz\/author\/jgfernandezg01\/"},"uagb_comment_info":0,"uagb_excerpt":"Cosas que hay que saber sobre la edad m\u00ednima para registrarse en redes sociales. Las redes sociales no son todas iguales Una de las cuestiones que m\u00e1s preocupa cuando una [&hellip;]","_links":{"self":[{"href":"https:\/\/colegios.educarex.es\/cpgarciasineriz\/wp-json\/wp\/v2\/pages\/2001","targetHints":{"allow":["GET"]}}],"collection":[{"href":"https:\/\/colegios.educarex.es\/cpgarciasineriz\/wp-json\/wp\/v2\/pages"}],"about":[{"href":"https:\/\/colegios.educarex.es\/cpgarciasineriz\/wp-json\/wp\/v2\/types\/page"}],"author":[{"embeddable":true,"href":"https:\/\/colegios.educarex.es\/cpgarciasineriz\/wp-json\/wp\/v2\/users\/1527"}],"replies":[{"embeddable":true,"href":"https:\/\/colegios.educarex.es\/cpgarciasineriz\/wp-json\/wp\/v2\/comments?post=2001"}],"version-history":[{"count":3,"href":"https:\/\/colegios.educarex.es\/cpgarciasineriz\/wp-json\/wp\/v2\/pages\/2001\/revisions"}],"predecessor-version":[{"id":2006,"href":"https:\/\/colegios.educarex.es\/cpgarciasineriz\/wp-json\/wp\/v2\/pages\/2001\/revisions\/2006"}],"wp:attachment":[{"href":"https:\/\/colegios.educarex.es\/cpgarciasineriz\/wp-json\/wp\/v2\/media?parent=2001"}],"curies":[{"name":"wp","href":"https:\/\/api.w.org\/{rel}","templated":true}]}}